+ 49). Suppose -f + 2391 = 5*i, 534 = 3*i - 5*f - h. Is i a prime number?
True
Let p(r) be the first derivative of r**4/4 - r**3/3 + 979*r + 13. Is p(0) composite?
True
Suppose -s - q = -6132, s - 44*q = -47*q + 6136. Let n = s + 7027. Is n prime?
False
Suppose -897141 = -3*a - 266334. Is a prime?
False
Suppose 0 = -5*s - 5*z + 158745, 9549 = -2*s + 4*z + 73059. Is s composite?
False
Suppose -104*a - 47219232 = -200*a. Is a a prime number?
True
Suppose 24 = -3*p + 3*g, -p = -2*p + 2*g - 7. Let a be p/12 + (-2 - 81/(-12)). Suppose -3478 = -a*v - 314. Is v prime?
False
Suppose 4*h = 3*s + 64, h + 0*s = -3*s + 1. Suppose 0*o + d = -3*o - h, -3 = 3*d. Is 6039 - (3 - (-28)/o) a composite number?
False
Let i = -473 - -1352. Let l = 1744 - i. Is l a prime number?
False
Suppose l - 4 = -3*l. Is (84/18)/(((-8)/(-73212))/l) a composite number?
True
Let t be ((-4)/(-3))/((-16)/(-108)*3). Suppose -q + 5506 = k, -t*q + 10*k - 6*k = -16483. Is q prime?
True
Let r = 959896 - 310157. Is r a composite number?
False
Suppose -4*h + 5*h - 16 = -2*u, -4*h + 28 = -u. Let l(p) be the second derivative of p**5/20 - p**4/12 + p**3/6 - 41*p**2/2 + 18*p. Is l(h) composite?
True
Let a = 246918 - 168661. Is a composite?
True
Let g = -765 + 1704. Let z = g + -298. Is z a prime number?
True
Is 67461 + (-8 - 28)/(-18) composite?
True
Let s = 16569 + -10892. Is s prime?
False
Let o = -49 + 13. Let f = -42 - o. Let a(p) = p**3 + 8*p**2 + 4*p - 11. Is a(f) composite?
False
Suppose 9*s - 3*s = 36. Suppose -s*x = 7*x - 26. Is 196 + 4 + 0 + x a composite number?
True
Let z = 162255 + -56876. Is z a prime number?
True
Let w(q) = q**2 + 2*q + 1. Let b be w(-3). Suppose 33*c = 37*c - b. Is ((-2)/1 - (1 - 3392))/c prime?
True
Let l(v) = -319440*v - 2725. Is l(-3) prime?
False
Suppose 12246747 = 145*m - 177240 - 1625788. Is m composite?
True
Let p(l) = -50*l**3 - 11*l**2 + 3*l - 1. Let k be p(3). Let o = k + 6530. Is o a composite number?
True
Let i(j) = -329*j - 7204. Is i(-63) prime?
True
Let v(q) = -17 - 42 + 163*q + 19*q. Is v(29) a composite number?
True
Let x(y) = 5 + 5*y**2 - 34*y - 30*y - 47*y + 117*y. Suppose -r + 5*r - 4 = -4*l, -5*r = 4*l - 2. Is x(r) a composite number?
False
Let t be -4*(4 - (4 + -1)). Is 67888/64 - (1/t - 0) a prime number?
True
Suppose 0 = -0*j - j + 15. Let u(f) = 21*f**2 + 19*f - 25. Is u(j) composite?
True
Let l(g) = -44*g + 47. Let q be l(1). Suppose q*k = 4*b + 2119, 3*k - 2123 = 15*b - 10*b. Is k a composite number?
False
Let f(t) = 9*t + 139. Let q be f(-14). Suppose -10977 = -q*m + 19222. Is m a prime number?
False
Suppose 23*l - 29025 = -132893. Let t = l - -8867. Is t a prime number?
False
Is ((-112)/(-24)*-41092 + 1)*-3 prime?
False
Suppose 0 = 3*a - 0*p + 4*p - 27522, -a + 2*p = -9174. Suppose -23*v + a = -17299. Is v a prime number?
True
Is (-208011)/6*(4/3)/((-38)/57) a composite number?
False
Let q = 279 - 267. Suppose -19406 = -q*s + 13798. Is s a composite number?
False
Let b(c) be the third derivative of c**4/12 - 17*c**3/6 - 2*c**2. Let g be b(26). Let a = g + 50. Is a a prime number?
False
Suppose i - 111686 = -3*u, -148918 = -4*u + 2*i - 0*i. Suppose -4*z + 39095 = -3*a + 1860, 5*a + u = 4*z. Is z a prime number?
True
Let q(d) be the first derivative of d**3/3 - 5*d**2/2 - 24*d + 20. Let c be q(-8). Suppose -4*h = i - 86, 4*h - i - i = c. Is h a composite number?
True
Let s(z) = -z**3 + 42*z**2 - 22*z + 4. Let c be s(37). Let t = 2700 + c. Is t prime?
False
Let x be (-4732)/(-9) - 2/(-9). Let w(b) = 10*b + 24. Let c be w(-3). Is (-9)/c*x/3 a composite number?
False
Suppose 258*p - 259*p - 606209 = -3*v, -2*p = -3*v + 606217. Is v a composite number?
False
Suppose -611 = 8*z + 221. Let b be -2 + 0 + 1 + z. Is (-1*(-345 - 2))/((-15)/b) a composite number?
True
Suppose 2*d - 4*x = 60682, -3*d + 91009 = 15*x - 14*x. Is d prime?
False
Suppose 366687 = 15*i - 835881 + 250923. Is i a prime number?
True
Suppose -4*a + 7*q = 2*q + 12, -5*a = q - 14. Is (-2 - -12356) + a - 7 a prime number?
False
Let m be ((-40)/6)/((-6)/36*4). Is (-10 - (m - 17)) + 383*2 composite?
True
Suppose -5*q + 2*a + 16929 = 0, a = -5*q + 8567 + 8356. Suppose x + 0*u - u - q = 0, -3390 = -x - 4*u. Is x a prime number?
False
Let u(d) = d**3 + 13*d**2 - 15*d + 10. Let p be u(-14). Suppose 0 = p*n - 27*n + 12723. Is n prime?
True
Suppose 0 = 105*h + 166*h - 91284995. Is h a prime number?
False
Let o(d) = -120*d**3 + d**2 - 4*d + 3. Let p be o(1). Is (-20)/p + -182*1630/(-24) prime?
False
Let w be (3/(-45)*-10)/(1/(-18)). Is 6/48*2838 + (-3)/w a composite number?
True
Let q be (1*-88)/(8/(-52)). Suppose g - r - 1430 = -4*g, -4*r = -2*g + q. Suppose 5*o - 2391 = l, 0 = o + l - g - 197. Is o a prime number?
True
Let f(x) = -148*x - 45. Let n(m) = -296*m - 90. Let o(z) = -11*f(z) + 6*n(z). Suppose 0 = -5*a + b - 30, -13*a - 4*b = -9*a + 24. Is o(a) a prime number?
False
Is ((-171)/(-27) - 6)*(1166184 - 3) composite?
False
Let n = -113271 + 238334. Is n a composite number?
False
Is ((-48)/(-1080) - (-6)/15) + 1283270/9 prime?
False
Let t(d) = -3323*d + 3829. Is t(-26) a prime number?
True
Let q be 7 + -2 + 6 + -4. Suppose q*b - 3988 + 285 = 0. Is b a composite number?
True
Suppose 5*p - 2808 = 1797. Let k = -1583 + p. Let c = k + 1035. Is c composite?
False
Let s = 63 + -58. Suppose -5*h = -2*x + s*x + 154, 3*h - 3*x + 102 = 0. Is 190 + (-8)/(h/(-12)) a prime number?
False
Let u = 314026 - 197837. Is u prime?
True
Let i(g) = -109*g - 3. Suppose 2*d + 8 = 0, -4*u + 2*d + 28 = -0*d. Suppose -2*f - 5*n = -9, -2*f = -u*f - 5*n + 1. Is i(f) a composite number?
True
Suppose 3*y + 11*y - 5585824 = -18*y. Is y composite?
True
Suppose 0 = 3*b - t - 365934, -4*t + 406757 = 5*b - 203116. Suppose 0 = 55*d - 64*d + b. Is d a composite number?
False
Let a(o) be the second derivative of -9*o**5/5 - 5*o**4/12 + 3*o**3/2 - 7*o**2/2 - 2*o + 4. Is a(-4) a prime number?
False
Let v be (-602)/49 + 14 - 2/(-7). Suppose -2*n = v*l - 25788, 4*l = 2*n - 23310 - 2448. Is n composite?
False
Let a(c) be the first derivative of c**7/840 - c**6/60 + c**5/60 - 3*c**4/8 + 6*c**3 + 23. Let j(b) be the third derivative of a(b). Is j(10) composite?
True
Suppose -18053057 - 109348156 = -21*x - 36*x. Is x a composite number?
True
Let r(u) = 658*u + 27. Let c be r(10). Is c - (-9 + 5 + -2) a composite number?
True
Is (-1323345)/(-9)*(-102)/(-170) a composite number?
False
Suppose 0*x = -10*x + 50. Suppose x*c - 3*n - 42299 = 0, 0 = 4*c - 6*n + 4*n - 33840. Is c prime?
True
Is (675/(-90))/(35/(-2283526)) a prime number?
False
Suppose 887906 = 102*a - 1157500. Is a composite?
True
Let l be 0/(7 - 3) - -3. Suppose 28*c = l*c + 2875. Is c a prime number?
False
Let t(p) = -1644*p**3 + 5*p**2 - 10*p - 1. Let h be t(2). Let g = -5550 - h. Is g a prime number?
True
Let s(r) = -3413*r + 479. Is s(-12) a composite number?
True
Suppose 37*y + 125 = 62*y. Let d(n) = 1495*n + 18. Is d(y) a composite number?
True
Let g(c) = 2547*c + 10. Let z be g(3). Suppose -5*j = o - 9564, 3*j + j + o - z = 0. Suppose -5 = -5*y, y + 6188 = 4*l + j. Is l prime?
True
Let f = 471 + -243. Let q = f + 1465. Is q composite?
False
Suppose 45*c = 46*c + 12700. Let p = 4531 - c. Is p prime?
True
Let m = -6721 + 100736. Is m composite?
True
Let o(s) be the first derivative of -322*s**2 - 151*s - 154. Is o(-3) a composite number?
True
Let w be 1 - (2 + 30/(-6)). Suppose -2*r = 2*o - 3700, 5*r - 9226 = w*o - o. Is r a prime number?
True
Let j be (19 + 25/(-5))*(-36310)/(-4). Suppose -j = -49*m + 44*m. Is m prime?
False
Let k(p) = 0 - 13 - 397*p + 0 - 22. Is k(-18) a composite number?
True
Suppose 11*y = 9*y + 6*y - 297764. Is y a composite number?
False
Let n = -45386 - -284091. Is n prime?
False
Let k be 9/(-6)*84/(-18). Let a(n) = 24*n**2 + 12*n - 49. Is a(k) composite?
True
Let g = -8428 - -15526. Let w = g + -2507. Is w a prime number?
True
Suppose -2*c = 59*h - 56*h - 29941, c - 14968 = -h. Is c composite?
True
Let d be 1/(7/(27 + -6)). Let s(c) = 2291*c + 38. Is s(d) composite?
False
Let n(t) = 3 + 228*t + 1054*t + 116*t + 1. Let l be n(-1). Let o = l - -2281. Is o a composite number?
False
Is (-1)/4 - 1787314588/(-3056) a prime number?
False
Let u be 1 - (3/(-12) - 33/12). Suppose u*a = 2*a - a. Suppose 2*k = 4*c + 330, a = k + k + c - 315. 